2*w**2 - 47*w + 126. Let s be q(22). What is the units digit of (s/(-16))/((-6)/2040)?
5
Suppose -3*z + 5 = -4*z, -4*r - z = -27. Let t be (5/(-20))/((-1)/r). Suppose -3*n - 5*a = -63 + 9, -t*n + 38 = 4*a. What is the tens digit of n?
1
Suppose -2*w = -3*c - 21220, 3*w - 4*c - 20641 - 11191 = 0. What is the hundreds digit of w?
6
Let u = 1518 + -147. What is the thousands digit of u?
1
Let q(m) = m**2 - 13*m - 33. Let z be q(16). Suppose f = 6*f - z. What is the tens digit of 0 - f - (1 - 54)?
5
Let n = 168 - 171. What is the units digit of (n + 3 + -2)/(2/(-481))?
1
Let h(o) be the first derivative of o**4/4 - o**3 + 8*o**2 + 8*o + 144. What is the hundreds digit of h(8)?
4
Suppose -7*g = -8*g + 41. Suppose 43 = c + 5*p, 51 = 2*c + 4*p - g. Suppose 0 = 2*h - c - 6. What is the units digit of h?
7
Suppose -3*a - z = 2568, 0 = -4*a + 2*z - 2090 - 1324. Let o = 1346 + a. What is the units digit of o?
1
Let q(u) = -19*u + 11 + 2*u + 25 + 10. What is the units digit of q(-31)?
3
Suppose -5*t - 4 = q - 19, -t - 5*q = -27. Suppose -3*i - 2 = -3*s + 13, s = -2*i - 4. What is the hundreds digit of i/t*92*(11 + -12)?
1
Suppose 51*y - 63*y = -36. Suppose w - 1624 = -4*m + 524, 3*w - 1611 = -y*m. What is the hundreds digit of m?
5
Suppose 21*j - 43 - 167 = 0. Suppose 0 = -5*k + 25, -c + j*k + 589 = 12*k. What is the tens digit of c?
7
Let j = -215 + 355. Suppose -6*n - 134 + j = 0. What is the units digit of n?
1
Let d = 152 - 142. Suppose -d*q + 1323 = -6*q - c, q - 322 = 2*c. What is the units digit of q?
2
Let n = 27221 + -11236. What is the hundreds digit of n?
9
Let z(u) = 794*u**2 - 25*u + 4. What is the thousands digit of z(-9)?
4
Let q = -1595 - -10086. What is the units digit of q?
1
Let i(y) = y**3 - 44*y**2 + 61*y - 1003. What is the hundreds digit of i(45)?
7
Suppose 3*a - 973 = -94. Suppose -j - 3*j - 151 = -i, -2*i + a = j. What is the hundreds digit of i?
1
Suppose h + h - 27 = -3*j, 0 = 4*h + j - 39. Let y = -138 - -301. Suppose 359 + y = h*l. What is the tens digit of l?
5
Let m(s) = s**2 - 3*s + 15. Suppose -5*g + 54 = 4*g. Let w be m(g). Suppose 0 = 2*o - w - 227. What is the units digit of o?
0
Let c(p) = 4*p**2 - 3*p + 4. Let v(l) = -l**2 + l - 1. Let w(f) = c(f) + 3*v(f). Let a = -17 - -7. What is the hundreds digit of w(a)?
1
Suppose -349766 + 6923254 = 232*m. What is the thousands digit of m?
8
Let k(v) = 44*v**2 - 621*v - 17. What is the thousands digit of k(21)?
6
Suppose 231774 = 4*h - x + 19273, 2*x = -h + 53132. What is the ten thousands digit of h?
5
Let a(f) = -f + 1. Let k be a(1). Suppose 4*n = 16, 3*p - 4*p - 4*n + 12 = k. What is the hundreds digit of (74/p)/(1/(-6))?
1
Let l(j) = 4*j - 21. Let v be l(5). Let r be ((-6)/8)/v + (-39)/52. What is the units digit of (4/4 + r)*(-1)/(-1)?
1
Let o = -73 - -75. Let d(m) = 27*m**2 - 23*m**o + 21*m**2 - 2. What is the units digit of d(-2)?
8
Let r = 64 + -42. Suppose -263 = -5*n + r. What is the tens digit of ((-66)/18 - -4)*(n + 0)?
1
Suppose 0*j - j + 149 = k, 4*k = 5*j + 551. Let z = k - 78. Suppose -4*a + z + 434 = 0. What is the hundreds digit of a?
1
Let n(c) = -9*c - 87. Let l be n(-10). Let t = -7 + 7. Suppose 3*u - 477 = -3*w, t*u + 4*w = l*u - 442. What is the tens digit of u?
5
Suppose 0 = -11*i + 3*i + 7008. Suppose -8*b = -2*b - i. What is the hundreds digit of b?
1
Suppose 5*l - 37860 = -5*g, -l - 463*g + 7569 = -461*g. What is the thousands digit of l?
7
Let j(g) = g**3 - 61*g**2 - 380*g - 104. What is the units digit of j(78)?
4
Let g be (5 - 11) + 3 - -6. What is the tens digit of g + 900 - (-15 - -11)?
0
Let s(p) be the first derivative of 43*p**2 - 145*p + 23. What is the tens digit of s(9)?
2
Let p = 10 - -2290. What is the tens digit of p?
0
Let z = -53215 - -106492. What is the tens digit of z?
7
Let u(p) = p**3 - 10*p**2 + 22*p - 7. Let c be u(9). Let i = c + -107. Let a(w) = 14*w**2 + 8*w - 12. What is the tens digit of a(i)?
3
Suppose 65*v - 221*v + 3436212 = 0. What is the tens digit of v?
2
Suppose 3*c - 91 = 5. Suppose -2*n = c - 110. What is the tens digit of n?
3
Suppose -6268 = -15*t - 10*t + 24*t. What is the units digit of t?
8
Let v(l) = 186*l**2 - 171*l + 1151. What is the tens digit of v(7)?
6
Suppose -3*n + 4*y = -112, 105 = -0*n + 3*n + 3*y. Suppose 4905 = -27*r + n*r. What is the units digit of r?
5
What is the units digit of -21 + ((-8)/1 - -22777)?
8
Let a(d) = 21*d**3 + 837*d**2 - 106*d + 58. What is the hundreds digit of a(-39)?
5
Let q = 13020 + -7431. Suppose -4*z - q = 5*d, z = -0*z + 4*d - 1392. What is the tens digit of (-4 - z/16) + 9/12?
8
Let n(z) be the third derivative of -5*z**4/24 - 2*z**3 + 24*z**2 + 1. Suppose h = -7 + 1. What is the units digit of n(h)?
8
Let h be (3/2)/((-4)/752*-1). Let a = h + -164. Suppose 2*u + 0*u = -3*b + a, -8 = 4*b. What is the units digit of u?
2
Suppose -1043833 = -163*f + 35716. What is the units digit of f?
3
Let j(x) = x**2 - 7*x + 10. Let d be j(3). Let w(r) = -r - 1. Let n(b) = 56*b + 16. Let p(f) = d*n(f) - 36*w(f). What is the hundreds digit of p(-2)?
1
Suppose 4*z = -8, -28*z + 35366 = 5*t - 26*z. What is the thousands digit of t?
7
Let x(j) = 13*j**2 - 6*j + 77. What is the thousands digit of x(-25)?
8
Suppose -2*o + 2*f = 1558, -3*o + 5*f = -o + 1558. Let k = o + 1636. What is the tens digit of k?
5
Let u(c) = 128*c**2 - 506*c - 1523. What is the units digit of u(-3)?
7
Let j = 4362 - -2859. What is the thousands digit of j?
7
Suppose -2*w - 13 = -21. Let t be ((96/(-20))/w)/((-6)/(-80)). What is the units digit of 6*79/8 + t/64?
9
Suppose 94*j - 3758 = -4*z + 89*j, -2*j - 12 = 0. What is the hundreds digit of z?
9
Suppose 8*n + 5*n + 2*n - 112785 = 0. What is the hundreds digit of n?
5
Let l(b) = -5810*b + 203. What is the hundreds digit of l(-2)?
8
Suppose -2*g + 4 = -g, 0 = -2*r - 4*g + 22. Suppose -21 = -3*i + r*n, n = 4*i - 23 + 1. Suppose -25 = i*x, -d = 3*d + 4*x - 204. What is the units digit of d?
6
Let p = -23222 + 47445. What is the tens digit of p?
2
Suppose -28*a - 6992 = -36*a. Let t = 1406 - a. What is the tens digit of t?
3
Let h be (2 - 3)*12/2. Let x(f) = -4*f**2 - 5*f + 5. Let i be x(h). Let t = i + 246. What is the tens digit of t?
3
Let x(u) = 11*u**2 - 52*u - 80. What is the thousands digit of x(32)?
9
Let w be (12 + -8)/1 + 2 + 286. Suppose 83*m - 79*m = w. What is the units digit of m?
3
Let z be 18*-15*3/6. Let s be ((-4)/(-3))/(((-10)/z)/1). Let p(o) = -o**2 + 18*o + 18. What is the tens digit of p(s)?
1
Suppose 5*z - 571 = -o, -z - 3*o = o - 99. Let y be 1/(5/(5 + z)). What is the tens digit of 3/(-24) + 6819/y?
8
Let s(b) = -35*b**2 + 5 + 36*b**2 + 17*b - 26. Let c be s(-20). Let j = c + -5. What is the tens digit of j?
3
Let o = -741 + 13249. What is the units digit of o?
8
Suppose -249*h = -297*h + 1004304. What is the hundreds digit of h?
9
Let h(v) = 3*v**2 + 0*v + 0*v - 7*v**3 + 2 - v**2. Suppose 0 = -23*l + 17*l - 18. What is the hundreds digit of h(l)?
2
Suppose -27*o = p - 30*o - 17085, p + 4*o - 17050 = 0. What is the hundreds digit of p?
0
Let l = 44 + -42. Let g be (3 - -3)*(-3)/18*-3. Suppose 50 = m + 3*h, 0*m + l*m - g*h - 145 = 0. What is the tens digit of m?
6
Suppose 0 = 3*s + 15, 2602 = -3*b + s + 3*s. Let c = -421 - b. What is the units digit of c?
3
What is the units digit of 4/74 + 100232440/10360?
5
Suppose -a - 3*a = 3*n - 1686, 2*n = -4*a + 1120. What is the hundreds digit of n + -1 - (-63)/(-21)?
5
Let q(d) = d**3 - 27*d**2 + 6*d + 8774. What is the tens digit of q(0)?
7
Let f = -10067 - -20716. What is the units digit of f?
9
What is the units digit of (5 + -24)/(6/(-2442))?
3
Suppose -13*h - 38*h + 34086 = -12*h. What is the units digit of h?
4
Let c = -3679 - -5394. Let t = -937 + c. Suppose 9*n - t + 40 = 0. What is the units digit of n?
2
Suppose -112*r - 71*r = -23*r - 3822560. What is the hundreds digit of r?
8
Suppose 2*f - 160 = -5*m, -7*f + 4*f = 4*m - 128. Suppose 4*x = 3*c + m, 2*c - 4*x = -x - 23. What is the tens digit of (c*(1 + -3))/((-8)/(-20))?
2
Let y = -8791 - -18317. What is the hundreds digit of y?
5
Let m(t) = -267*t**3 + 8*t**2 + 76*t - 31. What is the tens digit of m(-5)?
6
Suppose x - 3*i - 25 = 0, 0 = -0*x - 2*x + 4*i + 54. Let k be (-6)/(-10) - 5/((-125)/10). Suppose 32*w - x*w = k. What is the units 